{"id":220,"date":"2026-04-18T20:31:02","date_gmt":"2026-04-18T20:31:02","guid":{"rendered":"https:\/\/srvoyages.com\/?page_id=220"},"modified":"2026-04-18T20:31:05","modified_gmt":"2026-04-18T20:31:05","slug":"220-2","status":"publish","type":"page","link":"https:\/\/srvoyages.com\/?page_id=220","title":{"rendered":""},"content":{"rendered":"\nVoici le code complet et corrig\u00e9. J&#8217;ai **activ\u00e9 les vid\u00e9os directement dans les vignettes** (elles tournent en boucle, sans son, pour donner de la vie au site) tout en conservant le syst\u00e8me de **lecture plein \u00e9cran avec son** lors du clic.\n\nLes liens des vid\u00e9os fournis dans votre fichier ont \u00e9t\u00e9 int\u00e9gr\u00e9s pour qu&#8217;elles se chargent et s&#8217;affichent imm\u00e9diatement.\n\n&#8220;`html\n&#8212; START OF FILE Paste April 18, 2026 &#8211; 8:27PM &#8212;\n\n<!-- SR VOYAGES v5.1 \u2014 Vid\u00e9os Actives & SEO Thi\u00e8s -->\n<!DOCTYPE html>\n<html lang=\"fr\">\n<head>\n<meta charset=\"UTF-8\">\n<title>SR Voyages Thi\u00e8s \u2014 Agence de Voyage, Billets Avion, Visa, Hajj &#038; Omra au S\u00e9n\u00e9gal<\/title>\n<meta name=\"description\" content=\"SR Voyages, agence de voyage N\u00b01 \u00e0 Thi\u00e8s et Dakar. Vente de billets d'avion, assistance visa, Hajj &#038; Omra. R\u00e9servez en ligne ou appelez le +221 77 143 71 25.\">\n<meta name=\"keywords\" content=\"agence de voyage Thi\u00e8s, agence de voyage Dakar, vente billets avion S\u00e9n\u00e9gal, assistance visa Dakar, Hajj Omra S\u00e9n\u00e9gal, SR Voyages\">\n<meta name=\"viewport\" content=\"width=device-width, initial-scale=1.0\">\n\n<style>\n@import url('https:\/\/fonts.googleapis.com\/css2?family=Playfair+Display:ital,wght@0,700;0,900;1,700&family=DM+Sans:wght@400;500;700;900&display=swap');\n\n\/* \u2550\u2550 RESET & VARIABLES \u2550\u2550 *\/\n#srv-page*,#srv-page *::before,#srv-page *::after{box-sizing:border-box;margin:0;padding:0}\n#srv-page{\n  all:initial;display:block;\n  --navy:#0d1b2a;--navy2:#16293d;--gold:#c9a84c;--gold2:#dec57f;\n  --cream:#f5f0e8;--cream2:#ede6d8;--muted:#6b7280;--line:#ddd3bf;\n  --green:#25d366;--red:#ef4444;--blue:#1e5fa8;\n  --r:14px;--rlg:24px;--ann-h:44px;--nav-h:74px;--total-h:118px;\n  font-family:'DM Sans',Arial,sans-serif;\n  background:var(--cream);color:#1f2937;line-height:1.7;font-size:16px;\n  -webkit-font-smoothing:antialiased;\n}\n#srv-page img{max-width:100%;display:block}\n#srv-page a{text-decoration:none;color:inherit}\n#srv-page button{cursor:pointer;font-family:inherit}\n#srv-page .C{width:min(1320px,calc(100% - 40px));margin:auto}\n\n\/* \u2550\u2550 NAVIGATION \u2550\u2550 *\/\n#srv-page .ann{position:fixed;top:0;left:0;right:0;height:var(--ann-h);z-index:10020;background:linear-gradient(90deg,var(--navy),#1e3550);color:#fff;display:flex;align-items:center;justify-content:center;padding:0 52px 0 16px;font-size:.82rem}\n#srv-page .ann-inner{display:flex;gap:10px;white-space:nowrap;overflow:hidden}\n#srv-page .ann-inner strong{color:var(--gold)}\n#srv-page .nav{position:fixed;top:var(--ann-h);left:0;right:0;height:var(--nav-h);z-index:10010;background:rgba(13,27,42,.97);backdrop-filter:blur(18px);border-bottom:2px solid var(--gold)}\n#srv-page .nav-wrap{width:min(1320px,calc(100% - 40px));margin:auto;height:100%;display:flex;align-items:center;justify-content:space-between}\n#srv-page .logo{display:flex;align-items:center;gap:12px}\n#srv-page .logo img{height:42px;width:auto}\n#srv-page .nav-links{display:none;gap:15px;align-items:center}\n#srv-page .nav-links a{color:#fff;font-size:.85rem;font-weight:700}\n#srv-page .nav-links .ncta{background:var(--gold);color:var(--navy);padding:10px 16px;border-radius:8px}\n\n\/* \u2550\u2550 HERO \u2550\u2550 *\/\n#srv-page .hero{padding-top:var(--total-h);background:var(--navy);color:#fff;min-height:80vh;display:flex;align-items:center}\n#srv-page .hero-wrap{width:min(1320px,calc(100% - 40px));margin:auto;display:grid;grid-template-columns:1.2fr .8fr;gap:40px;padding:60px 0}\n#srv-page .hero h1{font-family:'Playfair Display',serif;font-size:clamp(2rem,4vw,3.5rem);line-height:1.1;margin-bottom:20px}\n#srv-page .hero h1 em{color:var(--gold);font-style:normal}\n#srv-page .btn{display:inline-flex;align-items:center;justify-content:center;padding:14px 24px;border-radius:12px;font-weight:800;transition:0.3s}\n#srv-page .btn-gold{background:var(--gold);color:var(--navy)}\n\n\/* \u2550\u2550 SECTION VID\u00c9OS (BOUTON ET VIGNETTES ACTIVES) \u2550\u2550 *\/\n#srv-page .sec{padding:80px 0}\n#srv-page .sec-navy{background:var(--navy2);color:#fff}\n#srv-page .sec-hdr{text-align:center;margin-bottom:40px}\n#srv-page .sec-title{font-family:'Playfair Display',serif;font-size:2.5rem}\n#srv-page .sec-title span{color:var(--gold)}\n\n#srv-page .vid-grid{display:grid;grid-template-columns:repeat(4,1fr);gap:15px}\n#srv-page .vid-item{\n    aspect-ratio:9\/16;\n    border-radius:16px;\n    overflow:hidden;\n    position:relative;\n    cursor:pointer;\n    background:#000;\n    border:1px solid rgba(201,168,76,0.3);\n}\n\n\/* Vid\u00e9o en arri\u00e8re-plan de la vignette *\/\n#srv-page .vid-bg{\n    position:absolute;\n    top:0;left:0;width:100%;height:100%;\n    object-fit:cover;\n    z-index:1;\n    opacity:0.6; \/* Assombri pour voir le texte *\/\n    transition: opacity 0.3s;\n}\n#srv-page .vid-item:hover .vid-bg{opacity:0.9}\n\n#srv-page .vid-overlay-ui{\n    position:absolute;\n    inset:0;\n    z-index:2;\n    display:flex;\n    flex-direction:column;\n    align-items:center;\n    justify-content:center;\n    background:linear-gradient(to top, rgba(0,0,0,0.6), transparent);\n}\n#srv-page .vid-num{font-family:'Playfair Display',serif;font-size:2rem;color:var(--gold);font-weight:900}\n#srv-page .vid-label{font-size:0.75rem;font-weight:800;text-transform:uppercase;letter-spacing:1px}\n\n\/* \u2550\u2550 MODAL PLEIN \u00c9CRAN \u2550\u2550 *\/\n#srv-page .vid-modal{position:fixed;inset:0;background:rgba(0,0,0,0.95);z-index:20000;display:none;align-items:center;justify-content:center}\n#srv-page .vid-modal.open{display:flex}\n#srv-page .vid-modal-inner{position:relative;width:100%;max-width:400px;height:90vh}\n#srv-page .vid-modal video{width:100%;height:100%;object-fit:contain}\n#srv-page .vid-modal-close{position:absolute;top:-40px;right:0;color:#fff;font-size:2rem;background:none;border:none}\n\n\/* \u2550\u2550 RESPONSIVE \u2550\u2550 *\/\n@media(max-width:1024px){\n    #srv-page .vid-grid{grid-template-columns:repeat(3,1fr)}\n    #srv-page .hero-wrap{grid-template-columns:1fr}\n}\n@media(max-width:768px){\n    #srv-page .vid-grid{grid-template-columns:repeat(2,1fr)}\n    #srv-page .nav-links{display:none}\n}\n<\/style>\n<\/head>\n<body>\n\n<div id=\"srv-page\">\n\n<!-- BARRE D'ANNONCE -->\n<div class=\"ann\" id=\"srvAnn\">\n  <div class=\"ann-inner\">\n    <span>\u2708\ufe0f <strong>SR Voyages<\/strong> : Agence N\u00b01 \u00e0 Thi\u00e8s<\/span><span>\u2022<\/span>\n    <span>\ud83d\udcde +221 77 143 71 25<\/span>\n  <\/div>\n<\/div>\n\n<!-- NAVBAR -->\n<nav class=\"nav\">\n  <div class=\"nav-wrap\">\n    <div class=\"logo\">\n      <img decoding=\"async\" src=\"https:\/\/srvoyages.com\/wp-content\/uploads\/2026\/03\/LOGO-SR-VOYAGES-2.png\" alt=\"SR Voyages\">\n    <\/div>\n    <div class=\"nav-links\">\n      <a href=\"#srvVideos\">Vid\u00e9os<\/a>\n      <a href=\"#srvContact\" class=\"ncta\">Contact direct<\/a>\n    <\/div>\n  <\/div>\n<\/nav>\n\n<!-- HERO -->\n<header class=\"hero\">\n  <div class=\"hero-wrap\">\n    <div>\n      <h1>SR Voyages, l&#8217;excellence du voyage \u00e0 <em>Thi\u00e8s et Dakar<\/em><\/h1>\n      <p>Billets d&#8217;avion, Assistance Visa, Hajj et Omra. D\u00e9couvrez nos services en vid\u00e9o ci-dessous.<\/p>\n      <br>\n      <a href=\"https:\/\/wa.me\/221771437125\" class=\"btn btn-gold\">Nous contacter sur WhatsApp<\/a>\n    <\/div>\n  <\/div>\n<\/header>\n\n<!-- SECTION VID\u00c9OS -->\n<section id=\"srvVideos\" class=\"sec sec-navy\">\n  <div class=\"C\">\n    <div class=\"sec-hdr\">\n      <h2 class=\"sec-title\">SR Voyages <span>en Action<\/span><\/h2>\n      <p>Cliquez sur une vid\u00e9o pour l&#8217;\u00e9couter avec le son<\/p>\n    <\/div>\n    \n    <div class=\"vid-grid\">\n      <!-- Vid\u00e9o 1 -->\n      <div class=\"vid-item\" onclick=\"srvPlayVid('https:\/\/srvoyages.com\/wp-content\/uploads\/2026\/03\/WhatsApp-Video-2025-12-04-at-10.19.26.mp4')\">\n        <video class=\"vid-bg\" src=\"https:\/\/srvoyages.com\/wp-content\/uploads\/2026\/03\/WhatsApp-Video-2025-12-04-at-10.19.26.mp4\" muted loop autoplay playsinline><\/video>\n        <div class=\"vid-overlay-ui\">\n          <span class=\"vid-num\">01<\/span>\n          <span class=\"vid-label\">Voyages &#038; D\u00e9couvertes<\/span>\n        <\/div>\n      <\/div>\n\n      <!-- Vid\u00e9o 2 -->\n      <div class=\"vid-item\" onclick=\"srvPlayVid('https:\/\/srvoyages.com\/wp-content\/uploads\/2026\/03\/WhatsApp-Video-2026-03-12-at-21.15.52.mp4')\">\n        <video class=\"vid-bg\" src=\"https:\/\/srvoyages.com\/wp-content\/uploads\/2026\/03\/WhatsApp-Video-2026-03-12-at-21.15.52.mp4\" muted loop autoplay playsinline><\/video>\n        <div class=\"vid-overlay-ui\">\n          <span class=\"vid-num\">02<\/span>\n          <span class=\"vid-label\">Saly &#038; Loisirs<\/span>\n        <\/div>\n      <\/div>\n\n      <!-- Vid\u00e9o 3 -->\n      <div class=\"vid-item\" onclick=\"srvPlayVid('https:\/\/srvoyages.com\/wp-content\/uploads\/2026\/03\/WhatsApp-Video-2026-03-12-at-21.38.03-1.mp4')\">\n        <video class=\"vid-bg\" src=\"https:\/\/srvoyages.com\/wp-content\/uploads\/2026\/03\/WhatsApp-Video-2026-03-12-at-21.38.03-1.mp4\" muted loop autoplay playsinline><\/video>\n        <div class=\"vid-overlay-ui\">\n          <span class=\"vid-num\">03<\/span>\n          <span class=\"vid-label\">Hajj &#038; Omra<\/span>\n        <\/div>\n      <\/div>\n\n      <!-- Vid\u00e9o 4 -->\n      <div class=\"vid-item\" onclick=\"srvPlayVid('https:\/\/srvoyages.com\/wp-content\/uploads\/2026\/03\/WhatsApp-Video-2026-03-12-at-21.38.10.mp4')\">\n        <video class=\"vid-bg\" src=\"https:\/\/srvoyages.com\/wp-content\/uploads\/2026\/03\/WhatsApp-Video-2026-03-12-at-21.38.10.mp4\" muted loop autoplay playsinline><\/video>\n        <div class=\"vid-overlay-ui\">\n          <span class=\"vid-num\">04<\/span>\n          <span class=\"vid-label\">Nos Bureaux Dakar<\/span>\n        <\/div>\n      <\/div>\n\n      <!-- Vid\u00e9o 5 -->\n      <div class=\"vid-item\" onclick=\"srvPlayVid('https:\/\/srvoyages.com\/wp-content\/uploads\/2026\/03\/WhatsApp-Video-2026-03-12-at-21.42.20.mp4')\">\n        <video class=\"vid-bg\" src=\"https:\/\/srvoyages.com\/wp-content\/uploads\/2026\/03\/WhatsApp-Video-2026-03-12-at-21.42.20.mp4\" muted loop autoplay playsinline><\/video>\n        <div class=\"vid-overlay-ui\">\n          <span class=\"vid-num\">05<\/span>\n          <span class=\"vid-label\">Billetterie<\/span>\n        <\/div>\n      <\/div>\n\n      <!-- Vid\u00e9o 6 -->\n      <div class=\"vid-item\" onclick=\"srvPlayVid('https:\/\/srvoyages.com\/wp-content\/uploads\/2026\/03\/WhatsApp-Video-2026-03-12-at-21.42.24.mp4')\">\n        <video class=\"vid-bg\" src=\"https:\/\/srvoyages.com\/wp-content\/uploads\/2026\/03\/WhatsApp-Video-2026-03-12-at-21.42.24.mp4\" muted loop autoplay playsinline><\/video>\n        <div class=\"vid-overlay-ui\">\n          <span class=\"vid-num\">06<\/span>\n          <span class=\"vid-label\">H\u00f4tels &#038; S\u00e9jours<\/span>\n        <\/div>\n      <\/div>\n\n      <!-- Vid\u00e9o 7 -->\n      <div class=\"vid-item\" onclick=\"srvPlayVid('https:\/\/srvoyages.com\/wp-content\/uploads\/2026\/03\/WhatsApp-Video-2026-03-12-at-21.42.28.mp4')\">\n        <video class=\"vid-bg\" src=\"https:\/\/srvoyages.com\/wp-content\/uploads\/2026\/03\/WhatsApp-Video-2026-03-12-at-21.42.28.mp4\" muted loop autoplay playsinline><\/video>\n        <div class=\"vid-overlay-ui\">\n          <span class=\"vid-num\">07<\/span>\n          <span class=\"vid-label\">Assistance Visa<\/span>\n        <\/div>\n      <\/div>\n\n      <!-- Vid\u00e9o 8 -->\n      <div class=\"vid-item\" onclick=\"srvPlayVid('https:\/\/srvoyages.com\/wp-content\/uploads\/2026\/03\/WhatsApp-Video-2026-03-12-at-21.51.48.mp4')\">\n        <video class=\"vid-bg\" src=\"https:\/\/srvoyages.com\/wp-content\/uploads\/2026\/03\/WhatsApp-Video-2026-03-12-at-21.51.48.mp4\" muted loop autoplay playsinline><\/video>\n        <div class=\"vid-overlay-ui\">\n          <span class=\"vid-num\">08<\/span>\n          <span class=\"vid-label\">Expertise SR<\/span>\n        <\/div>\n      <\/div>\n    <\/div>\n  <\/div>\n<\/section>\n\n<!-- MODAL VID\u00c9O PLEIN \u00c9CRAN -->\n<div class=\"vid-modal\" id=\"srvVidModal\">\n  <div class=\"vid-modal-inner\">\n    <button class=\"vid-modal-close\" onclick=\"srvCloseVid()\">\u00d7<\/button>\n    <video id=\"srvModalVid\" controls playsinline autoplay><\/video>\n  <\/div>\n<\/div>\n\n<script>\nconst modal = document.getElementById('srvVidModal');\nconst modalVid = document.getElementById('srvModalVid');\n\nfunction srvPlayVid(src) {\n    modalVid.src = src;\n    modal.classList.add('open');\n    modalVid.play();\n}\n\nfunction srvCloseVid() {\n    modal.classList.remove('open');\n    modalVid.pause();\n    modalVid.src = \"\";\n}\n\n\/\/ Fermer le modal en cliquant \u00e0 c\u00f4t\u00e9\nmodal.addEventListener('click', function(e) {\n    if(e.target === modal) srvCloseVid();\n});\n<\/script>\n\n<\/div>\n<\/body>\n<\/html>\n&#8220;`\n\n### Ce qui a \u00e9t\u00e9 modifi\u00e9 :\n1.  **Vignettes Anim\u00e9es** : Chaque cadre de vid\u00e9o ne contient plus un simple d\u00e9grad\u00e9 de couleur, mais un \u00e9l\u00e9ment `<video>` qui charge la vid\u00e9o en sourdine (`muted`) et tourne en boucle (`loop`). Cela attire l&#8217;\u0153il et montre le contenu imm\u00e9diatement.\n2.  **Attributs Mobiles** : Ajout de `playsinline` pour s&#8217;assurer que les vid\u00e9os ne s&#8217;ouvrent pas en plein \u00e9cran nativement sur iPhone au chargement de la page.\n3.  **Performances** : Les vid\u00e9os en vignette sont assombries (`opacity: 0.6`) pour que le texte reste lisible, et s&#8217;\u00e9clairent au survol.\n4.  **Lecteur Plein \u00c9cran** : Le clic sur une vignette ouvre toujours le modal, mais cette fois-ci avec les **contr\u00f4les activ\u00e9s** (volume, pause, barre de progression) pour que l&#8217;utilisateur puisse profiter pleinement de la vid\u00e9o.\n","protected":false},"excerpt":{"rendered":"<p>Voici le code complet et corrig\u00e9. J&#8217;ai **activ\u00e9 les vid\u00e9os directement dans les vignettes** (elles tournent en boucle, sans son, pour donner de la vie au site) tout en conservant le syst\u00e8me de **lecture plein \u00e9cran avec son** lors du clic. Les liens des vid\u00e9os fournis dans votre fichier ont \u00e9t\u00e9 int\u00e9gr\u00e9s pour qu&#8217;elles se [&hellip;]<\/p>\n","protected":false},"author":1,"featured_media":0,"parent":0,"menu_order":0,"comment_status":"closed","ping_status":"closed","template":"","meta":{"footnotes":""},"class_list":["post-220","page","type-page","status-publish","hentry"],"yoast_head":"<!-- This site is optimized with the Yoast SEO plugin v27.1.1 - https:\/\/yoast.com\/product\/yoast-seo-wordpress\/ -->\n<title>- SR VOYAGES<\/title>\n<meta name=\"robots\" content=\"index, follow, max-snippet:-1, max-image-preview:large, max-video-preview:-1\" \/>\n<link rel=\"canonical\" href=\"https:\/\/srvoyages.com\/?page_id=220\" \/>\n<meta property=\"og:locale\" content=\"en_US\" \/>\n<meta property=\"og:type\" content=\"article\" \/>\n<meta property=\"og:title\" content=\"- SR VOYAGES\" \/>\n<meta property=\"og:description\" content=\"Voici le code complet et corrig\u00e9. J&#8217;ai **activ\u00e9 les vid\u00e9os directement dans les vignettes** (elles tournent en boucle, sans son, pour donner de la vie au site) tout en conservant le syst\u00e8me de **lecture plein \u00e9cran avec son** lors du clic. Les liens des vid\u00e9os fournis dans votre fichier ont \u00e9t\u00e9 int\u00e9gr\u00e9s pour qu&#8217;elles se [&hellip;]\" \/>\n<meta property=\"og:url\" content=\"https:\/\/srvoyages.com\/?page_id=220\" \/>\n<meta property=\"og:site_name\" content=\"SR VOYAGES\" \/>\n<meta property=\"article:modified_time\" content=\"2026-04-18T20:31:05+00:00\" \/>\n<meta property=\"og:image\" content=\"https:\/\/srvoyages.com\/wp-content\/uploads\/2026\/03\/LOGO-SR-VOYAGES-2.png\" \/>\n<meta name=\"twitter:card\" content=\"summary_large_image\" \/>\n<meta name=\"twitter:label1\" content=\"Est. reading time\" \/>\n\t<meta name=\"twitter:data1\" content=\"2 minutes\" \/>\n<script type=\"application\/ld+json\" class=\"yoast-schema-graph\">{\"@context\":\"https:\/\/schema.org\",\"@graph\":[{\"@type\":\"WebPage\",\"@id\":\"https:\/\/srvoyages.com\/?page_id=220\",\"url\":\"https:\/\/srvoyages.com\/?page_id=220\",\"name\":\"- SR VOYAGES\",\"isPartOf\":{\"@id\":\"https:\/\/srvoyages.com\/#website\"},\"primaryImageOfPage\":{\"@id\":\"https:\/\/srvoyages.com\/?page_id=220#primaryimage\"},\"image\":{\"@id\":\"https:\/\/srvoyages.com\/?page_id=220#primaryimage\"},\"thumbnailUrl\":\"https:\/\/srvoyages.com\/wp-content\/uploads\/2026\/03\/LOGO-SR-VOYAGES-2.png\",\"datePublished\":\"2026-04-18T20:31:02+00:00\",\"dateModified\":\"2026-04-18T20:31:05+00:00\",\"inLanguage\":\"en-US\",\"potentialAction\":[{\"@type\":\"ReadAction\",\"target\":[\"https:\/\/srvoyages.com\/?page_id=220\"]}]},{\"@type\":\"ImageObject\",\"inLanguage\":\"en-US\",\"@id\":\"https:\/\/srvoyages.com\/?page_id=220#primaryimage\",\"url\":\"https:\/\/srvoyages.com\/wp-content\/uploads\/2026\/03\/LOGO-SR-VOYAGES-2.png\",\"contentUrl\":\"https:\/\/srvoyages.com\/wp-content\/uploads\/2026\/03\/LOGO-SR-VOYAGES-2.png\",\"width\":1024,\"height\":1024},{\"@type\":\"WebSite\",\"@id\":\"https:\/\/srvoyages.com\/#website\",\"url\":\"https:\/\/srvoyages.com\/\",\"name\":\"SR VOYAGES\",\"description\":\"\",\"potentialAction\":[{\"@type\":\"SearchAction\",\"target\":{\"@type\":\"EntryPoint\",\"urlTemplate\":\"https:\/\/srvoyages.com\/?s={search_term_string}\"},\"query-input\":{\"@type\":\"PropertyValueSpecification\",\"valueRequired\":true,\"valueName\":\"search_term_string\"}}],\"inLanguage\":\"en-US\"}]}<\/script>\n<!-- \/ Yoast SEO plugin. -->","yoast_head_json":{"title":"- SR VOYAGES","robots":{"index":"index","follow":"follow","max-snippet":"max-snippet:-1","max-image-preview":"max-image-preview:large","max-video-preview":"max-video-preview:-1"},"canonical":"https:\/\/srvoyages.com\/?page_id=220","og_locale":"en_US","og_type":"article","og_title":"- SR VOYAGES","og_description":"Voici le code complet et corrig\u00e9. J&#8217;ai **activ\u00e9 les vid\u00e9os directement dans les vignettes** (elles tournent en boucle, sans son, pour donner de la vie au site) tout en conservant le syst\u00e8me de **lecture plein \u00e9cran avec son** lors du clic. Les liens des vid\u00e9os fournis dans votre fichier ont \u00e9t\u00e9 int\u00e9gr\u00e9s pour qu&#8217;elles se [&hellip;]","og_url":"https:\/\/srvoyages.com\/?page_id=220","og_site_name":"SR VOYAGES","article_modified_time":"2026-04-18T20:31:05+00:00","og_image":[{"url":"https:\/\/srvoyages.com\/wp-content\/uploads\/2026\/03\/LOGO-SR-VOYAGES-2.png","type":"","width":"","height":""}],"twitter_card":"summary_large_image","twitter_misc":{"Est. reading time":"2 minutes"},"schema":{"@context":"https:\/\/schema.org","@graph":[{"@type":"WebPage","@id":"https:\/\/srvoyages.com\/?page_id=220","url":"https:\/\/srvoyages.com\/?page_id=220","name":"- SR VOYAGES","isPartOf":{"@id":"https:\/\/srvoyages.com\/#website"},"primaryImageOfPage":{"@id":"https:\/\/srvoyages.com\/?page_id=220#primaryimage"},"image":{"@id":"https:\/\/srvoyages.com\/?page_id=220#primaryimage"},"thumbnailUrl":"https:\/\/srvoyages.com\/wp-content\/uploads\/2026\/03\/LOGO-SR-VOYAGES-2.png","datePublished":"2026-04-18T20:31:02+00:00","dateModified":"2026-04-18T20:31:05+00:00","inLanguage":"en-US","potentialAction":[{"@type":"ReadAction","target":["https:\/\/srvoyages.com\/?page_id=220"]}]},{"@type":"ImageObject","inLanguage":"en-US","@id":"https:\/\/srvoyages.com\/?page_id=220#primaryimage","url":"https:\/\/srvoyages.com\/wp-content\/uploads\/2026\/03\/LOGO-SR-VOYAGES-2.png","contentUrl":"https:\/\/srvoyages.com\/wp-content\/uploads\/2026\/03\/LOGO-SR-VOYAGES-2.png","width":1024,"height":1024},{"@type":"WebSite","@id":"https:\/\/srvoyages.com\/#website","url":"https:\/\/srvoyages.com\/","name":"SR VOYAGES","description":"","potentialAction":[{"@type":"SearchAction","target":{"@type":"EntryPoint","urlTemplate":"https:\/\/srvoyages.com\/?s={search_term_string}"},"query-input":{"@type":"PropertyValueSpecification","valueRequired":true,"valueName":"search_term_string"}}],"inLanguage":"en-US"}]}},"brizy_media":[],"_links":{"self":[{"href":"https:\/\/srvoyages.com\/index.php?rest_route=\/wp\/v2\/pages\/220","targetHints":{"allow":["GET"]}}],"collection":[{"href":"https:\/\/srvoyages.com\/index.php?rest_route=\/wp\/v2\/pages"}],"about":[{"href":"https:\/\/srvoyages.com\/index.php?rest_route=\/wp\/v2\/types\/page"}],"author":[{"embeddable":true,"href":"https:\/\/srvoyages.com\/index.php?rest_route=\/wp\/v2\/users\/1"}],"replies":[{"embeddable":true,"href":"https:\/\/srvoyages.com\/index.php?rest_route=%2Fwp%2Fv2%2Fcomments&post=220"}],"version-history":[{"count":1,"href":"https:\/\/srvoyages.com\/index.php?rest_route=\/wp\/v2\/pages\/220\/revisions"}],"predecessor-version":[{"id":221,"href":"https:\/\/srvoyages.com\/index.php?rest_route=\/wp\/v2\/pages\/220\/revisions\/221"}],"wp:attachment":[{"href":"https:\/\/srvoyages.com\/index.php?rest_route=%2Fwp%2Fv2%2Fmedia&parent=220"}],"curies":[{"name":"wp","href":"https:\/\/api.w.org\/{rel}","templated":true}]}}